{"id":2,"date":"2024-11-13T07:06:22","date_gmt":"2024-11-13T07:06:22","guid":{"rendered":"https:\/\/m0bi.phub.pl\/?page_id=2"},"modified":"2025-04-13T22:29:13","modified_gmt":"2025-04-13T22:29:13","slug":"sample-page","status":"publish","type":"page","link":"https:\/\/m0bi.phub.pl\/index.php\/sample-page\/","title":{"rendered":"Przyk\u0142adowa strona"},"content":{"rendered":"\n<p>Przyk\u0142adowa strona:<\/p>\n\n\n\n<blockquote class=\"wp-block-quote is-layout-flow wp-block-quote-is-layout-flow\">\n<p>Cytat<\/p>\n<\/blockquote>\n\n\n\n<p>&#8230; kolejny:<\/p>\n\n\n\n<blockquote class=\"wp-block-quote is-layout-flow wp-block-quote-is-layout-flow\">\n<p>Kolejny cytat.<\/p>\n<\/blockquote>\n\n\n\n<p>Kolejny zwyk\u0142y paragraf!<\/p>\n\n\n\n<figure class=\"wp-block-image size-large is-resized wp-duotone-unset-1\"><img loading=\"lazy\" decoding=\"async\" width=\"473\" height=\"1024\" src=\"https:\/\/m0bi.phub.pl\/wp-content\/uploads\/2025\/04\/gilotyna-jai-faime-473x1024.jpg\" alt=\"\" class=\"wp-image-6\" style=\"width:243px;height:auto\" srcset=\"https:\/\/m0bi.phub.pl\/wp-content\/uploads\/2025\/04\/gilotyna-jai-faime-473x1024.jpg 473w, https:\/\/m0bi.phub.pl\/wp-content\/uploads\/2025\/04\/gilotyna-jai-faime-139x300.jpg 139w, https:\/\/m0bi.phub.pl\/wp-content\/uploads\/2025\/04\/gilotyna-jai-faime-768x1662.jpg 768w, https:\/\/m0bi.phub.pl\/wp-content\/uploads\/2025\/04\/gilotyna-jai-faime-710x1536.jpg 710w, https:\/\/m0bi.phub.pl\/wp-content\/uploads\/2025\/04\/gilotyna-jai-faime-946x2048.jpg 946w, https:\/\/m0bi.phub.pl\/wp-content\/uploads\/2025\/04\/gilotyna-jai-faime-scaled.jpg 1183w\" sizes=\"auto, (max-width: 473px) 100vw, 473px\" \/><\/figure>\n\n\n\n<h2 class=\"wp-block-heading\">Nag\u0142\u00f3wek w tek\u015bcie<\/h2>\n\n\n\n<ul class=\"wp-block-list\">\n<li>Lista punktowana<\/li>\n<\/ul>\n\n\n\n<figure class=\"wp-block-audio\"><audio controls src=\"https:\/\/m0bi.phub.pl\/wp-content\/uploads\/2025\/04\/Laski-Bruskie-5.m4a\"><\/audio><\/figure>\n\n\n\n<p><\/p>\n","protected":false},"excerpt":{"rendered":"<p>Przyk\u0142adowa strona: Cytat &#8230; kolejny: Kolejny cytat. Kolejny zwyk\u0142y paragraf! Nag\u0142\u00f3wek w tek\u015bcie<\/p>\n","protected":false},"author":1,"featured_media":0,"parent":0,"menu_order":0,"comment_status":"closed","ping_status":"open","template":"","meta":{"footnotes":""},"class_list":["post-2","page","type-page","status-publish","hentry"],"_links":{"self":[{"href":"https:\/\/m0bi.phub.pl\/index.php\/wp-json\/wp\/v2\/pages\/2","targetHints":{"allow":["GET"]}}],"collection":[{"href":"https:\/\/m0bi.phub.pl\/index.php\/wp-json\/wp\/v2\/pages"}],"about":[{"href":"https:\/\/m0bi.phub.pl\/index.php\/wp-json\/wp\/v2\/types\/page"}],"author":[{"embeddable":true,"href":"https:\/\/m0bi.phub.pl\/index.php\/wp-json\/wp\/v2\/users\/1"}],"replies":[{"embeddable":true,"href":"https:\/\/m0bi.phub.pl\/index.php\/wp-json\/wp\/v2\/comments?post=2"}],"version-history":[{"count":3,"href":"https:\/\/m0bi.phub.pl\/index.php\/wp-json\/wp\/v2\/pages\/2\/revisions"}],"predecessor-version":[{"id":27,"href":"https:\/\/m0bi.phub.pl\/index.php\/wp-json\/wp\/v2\/pages\/2\/revisions\/27"}],"wp:attachment":[{"href":"https:\/\/m0bi.phub.pl\/index.php\/wp-json\/wp\/v2\/media?parent=2"}],"curies":[{"name":"wp","href":"https:\/\/api.w.org\/{rel}","templated":true}]}}